(k) = -5*k + 4 + k + k. Calculate j(o).
-14
Let l(f) be the first derivative of f**3/3 + 5*f**2/2 - 7*f - 2. Let d = 89 + -70. Suppose -10*t - d = 31. Determine l(t).
-7
Let z(y) be the third derivative of 71*y**4/24 - 283*y**3/3 + 9026*y**2. Give z(8).
2
Let a(w) = -8 + w**2 + 0*w**2 + 3 + 6*w. Suppose 0 = -14*z + 90 + 1212. Let d = z + -101. Calculate a(d).
11
Let t(q) = -620 + 1274 - q - 26*q - 641. Calculate t(-1).
40
Let h(l) = -8*l**3 + 7*l**2 - 9*l - 12. Let t be h(4). Let c = -437 - t. Let r(p) = p**3 - 11*p**2 + 8. What is r(c)?
8
Let j = 3574 - 3572. Let x(r) = 2*r**2 - 2*r + 3. What is x(j)?
7
Let l(v) = -5*v + 12. Let z be (8 + 2)*(-75)/125. What is l(z)?
42
Let c(d) be the first derivative of -d**4/4 + 16*d**3/3 - d**2/2 + 8*d + 837. Give c(16).
-8
Let t(k) be the second derivative of k**5/20 - 7*k**4/12 - k**3/6 + 7*k**2/2 + 978*k. Calculate t(7).
0
Let g(w) = 13*w**2 - w. Let z(a) be the second derivative of 17*a**4/12 - a**3/3 + 4*a + 14. Let b(f) = -3*g(f) + 2*z(f). Give b(-1).
-4
Let u(w) = w**3 + 2*w**2 - 4*w - 1. Let d be u(-3). Suppose 0 = -4*x + d*x. Let z(p) = -5*p. Let q(n) = 22*n. Let h(m) = -3*q(m) - 13*z(m). What is h(x)?
0
Suppose -13*q - 2*q - 48 = -3*q. Let d(x) = -2*x**2 - 24*x - 10. Determine d(q).
54
Let x(f) = -4*f**2 + 6 - 36*f + 81*f + f**2 - 13*f - 33*f. Determine x(2).
-8
Let i(j) = -j**3 + j**2 + j - 3. Let h(y) = -3*y**3 + 4*y**2 + 2*y - 9. Let n(g) = 6*h(g) - 17*i(g). Calculate n(5).
22
Suppose 134*a - 138*a - 24 = 0. Let m(q) be the third derivative of q**6/120 + q**5/10 + 5*q**3/6 - 6*q**2. Determine m(a).
5
Let c(v) be the third derivative of 2*v**4/3 + 31*v**3 + 2*v**2 - v - 130. Give c(-12).
-6
Let i(d) = 8 + d**2 + 0 + 8*d**2 - 11 + 10 - d**3. Let k(q) = q**2 - 9*q - 13. Let z be k(11). Calculate i(z).
7
Suppose -4*v - 28 = -11*v. Suppose 4*r + v*k - 60 = 0, -r + 2*k - 60 = -5*r. Let c(l) = 2 - 2*l + 17*l**2 + 5*l - r*l**2. What is c(-2)?
4
Suppose -3*x - 42 = -3*y, -6*x - 29 - 20 = -y. Let p(d) = d**2 + 4. Determine p(x).
53
Let h(a) be the third derivative of a**5/60 - 3*a**4/8 + a**3/6 - 1050*a**2. Calculate h(4).
-19
Let y(z) = 84 - 235 - 2*z + 151. What is y(12)?
-24
Let t(o) = -14*o + 65. Suppose -4*k = 5*l - 9*k, 2*l + 5*k - 28 = 0. Let g be t(l). Let w(q) = -q**3 + 8*q**2 + 10*q - 5. Determine w(g).
4
Let y(j) be the third derivative of -1/12*j**4 + 0*j - 1/30*j**5 + 5 + 1/3*j**3 + 12*j**2. What is y(-4)?
-22
Let q(l) be the third derivative of 3*l**2 - 1/2*l**3 + 0*l + 52 - 11/24*l**4. What is q(-2)?
19
Let d(w) = -2*w**2 + 4*w**2 + 31 - 32 - 35*w**3. Suppose 14*a + 13 = 17*a - 2*x, a + 4*x = -19. What is d(a)?
-34
Let l be 170/(-40) - -5 - 10/(-8). Let m(v) = 24*v**2 - 2*v + 3. What is m(l)?
95
Let i(t) be the first derivative of t**2/2 + 3*t + 23. Suppose -3*v = 12, -5*c + 3*c = -v - 20. Calculate i(c).
11
Let z(b) = -9*b**2 - 1. Let r(n) = -10*n**2 - 1. Let y(w) = -4*r(w) + 5*z(w). Let p be y(-1). Let d be (-9)/p*(-4)/(-6). Let j(i) = 8*i + 1. Determine j(d).
9
Let m be (16/24)/(-2 - 129/(-63)). Suppose 12*o = m*o - 32. Let g(b) = 0 - 19*b + 1 + o*b. Determine g(2).
-5
Let i(w) = 7*w + 6. Let u(g) = -g - 1. Let b(d) = i(d) + 6*u(d). Let h(s) = s + 5. Let p be ((-4)/9)/(-2) - 1690/234. Let c be h(p). What is b(c)?
-2
Let o(x) = 8 + 4 - 1. Let c(v) = -v - 11. Let j = 919 + -917. Let q(u) = j*c(u) + 3*o(u). Give q(9).
-7
Let u(n) = -22*n - 7. Let v be u(0). Let w(f) = 7*f + 39. Determine w(v).
-10
Let y(n) = -n**3 - 28*n**2 - 96*n - 2. Let g = -26129 - -26105. Give y(g).
-2
Let o(z) be the third derivative of z**5/60 - 7*z**4/24 - 3*z**3/2 + 7*z**2. Let s be o(9). Let x be 0/((-3)/(s/(-6))). Let f(j) = j**2 + j + 3. Determine f(x).
3
Let a(n) = -2*n**3 + 13*n**2 - 7*n - 6. Let v be (-1 - -7)/3 - (-2 - 2). Give a(v).
-12
Let u(q) = q + 5. Let z = -23 + 77. Suppose z = 3*l - 3. Suppose 27 - l = -g. Calculate u(g).
-3
Let n(t) = -t**2 + 10*t + 1. Let b(o) = 100 - 9*o - 7*o**2 + 37*o + 4*o**3 - 5*o**3. Let h be b(-9). Calculate n(h).
1
Let x(i) = 2*i - 10. Let q be x(6). Suppose -r - 2*k = 5, -r - q = k - 0. Let y(t) = -5*t - 1 + 5 - 3 + 6*t. What is y(r)?
2
Let p(c) = 3*c**3 - 24*c**2 - 4*c - 4. Let r(d) = -5*d**3 + 48*d**2 + 7*d + 7. Let u(t) = -7*p(t) - 4*r(t). Give u(-24).
0
Let a be ((-136)/(-64))/17 - (-1)/(-8). Let c be ((-10)/4)/(7/(-14) + a). Let o(t) = -t**3 + 3*t**2 + 7*t + 2. Calculate o(c).
-13
Let f(p) = 41*p + 39. Let v(l) = 18*l + 19. Let c(w) = -6*f(w) + 14*v(w). What is c(-11)?
-34
Suppose 67*b + 14 = -k + 68*b, -5*b - 10 = 5*k. Let x(f) = -f**3 - 9*f**2 + 2*f - 7. Calculate x(k).
-87
Let t(g) = -29*g**2 + 13*g + 157. Let f(j) = 6*j**2 + 3*j + 2. Let r(w) = -5*f(w) - t(w). Give r(-10).
13
Let t = -325 - -389. Let h(f) = -65*f + t*f + 1 + 2 - 1. Calculate h(9).
-7
Let l(q) = -q**3 - 5*q**2 + 4*q - 1. Suppose 8 + 1 = 2*i + 3*c, i - 3*c - 27 = 0. Let m be i/(3*(-6)/9). Calculate l(m).
11
Let w(a) = -a**2 - a + 4. Let p be (-2 - 0)*1/(-4)*-2. Let u be -3 - (1*(-1 - p))/2. What is w(u)?
-2
Let r be (5/10)/(12/120). Let y(d) = 1 - 45*d**2 + 2*d + 46*d**2 + r + 3*d. Determine y(-7).
20
Let u(a) = -a**3 + a**2 - 6*a - 14. Let f be u(-4). Let g be 1/2*f/9. Let t(v) = -2 - 7*v + 5*v**2 - v**2 - 2*v**2. Calculate t(g).
13
Let w(x) be the first derivative of x**4/2 + 26*x**3/3 - x**2/2 - 4*x - 1103. Give w(-13).
9
Suppose -1064*g = -1131*g + 201. Let y(a) = -a + 13. Determine y(g).
10
Let i(q) = q**2 - 14*q + 11. Suppose a = -4*g + 1, -49*g + 51*g = 3*a + 11. Let w(r) = r**3 + 4*r**2 + 2*r + 10. Let f be w(a). Calculate i(f).
-2
Let n(i) be the second derivative of i**4/12 + i**3/3 - i**2/2 + 3884*i. Suppose -y = j + 2, -2*y - 6*j + 2*j = 0. Calculate n(y).
7
Let c = 115 - 72. Let q(u) = -14 + 7*u - 14 + c - 16. What is q(-6)?
-43
Let a(c) = 3*c. Let m be (8/(-5))/(129/45 - 3). Suppose 4*b + m = 44. Let w = 7 - b. Give a(w).
-3
Let m(z) be the third derivative of z**5/30 - z**4/8 + 6285*z**2. Determine m(0).
0
Let z(n) = -10*n + 1. Let w(y) be the third derivative of y**4/12 + 37*y**3/6 - 23*y**2. Let a be w(-18). What is z(a)?
-9
Let v(m) be the second derivative of m**2 + 5*m - 1/20*m**5 + 1/6*m**4 - 2 + 0*m**3. Give v(3).
-7
Let r(i) be the third derivative of -i**5/120 + i**4/3 - 16*i**3/3 - 12*i**2. Let h(l) be the first derivative of r(l). Calculate h(6).
2
Let x(z) = -8*z**2 + z. Let l be 14/(-35) - 36/60. What is x(l)?
-9
Let y be (-100)/14 + (-18 + 6)/(-84). Let b(i) = i**3 - 5*i**2 - 12*i + 3. Let m(j) = j**3 - 6*j**2 - 14*j + 2. Let x(d) = y*b(d) + 6*m(d). Give x(0).
-9
Suppose p - 25 = -d, 3*p + 2*p + 2*d - 134 = 0. Let y(k) = k**3 - 27*k**2 - 28*k - 2. Calculate y(p).
-2
Let c(d) = 150*d + 5407. Let x be c(-36). Let t(n) = 90*n - 638. What is t(x)?
-8
Let p(t) = 23 + 13*t + 15*t + 43*t + 13 - 14*t. Determine p(-1).
-21
Let j = -9 - -13. Let q = -57 - -114. Let g(t) = q*t**2 + t**3 - 5*t + 1 - 60*t**2 + 3. What is g(j)?
0
Let u = -8 - -10. Let k be 45/(-6)*u - -3. Let y = 12 + k. Let q(b) = b**3 - b. Determine q(y).
0
Let g = -16862 + 16922. Let y(r) = -r**3 + 62*r**2 - 121*r + 56. Calculate y(g).
-4
Let k be (-12*4/(-8))/1. Let m(s) = 5*s**3 - 5*s**2 + 2*s**3 - 3*s + 5 - 6*s**3 + k*s. Suppose -8 = -3*t + t. Give m(t).
1
Suppose 0 = 7*y - 5*y + 5*n - 200, -2*n = -3*y + 262. Let b = -87 + y. Let o(l) = -l**3 + 2*l**2 + 3*l + 4. What is o(b)?
4
Let l(p) be the third derivative of -p**5/60 + 3*p**4/8 + p**3/3 - 19*p**2 + p. Let b be l(8). Let n(j) = j**3 - 10*j**2 - j + 4. Determine n(b).
-6
Let f(r) be the first derivative of 1/4*r**4 + 15 + 7*r**2 - 14/3*r**3 - 12*r. What is f(13)?
1
Let u(h) = -1 - 559*h + 2 - h**3 - 2*h**2 - 4 + 557*h - 1. Calculate u(-2).
0
Let u(n) = -n**2. Let j(q) = 3*q**3 - 30*q**2 + 45*q + 33. Let w be j(8). What is u(w)?
-81
Let o be 1430/495 - 10/(-9). Let j(m) = -5*m**2 + 2*m + 4. Determine j(o).
-68
Let z(f) = f**3 + 9*f**2 + 15*f + 17. Let u be z(-7). Suppose -38*l + 40*l - u = -q, -3*l = -4*q + 18. Let k(o) = 2*o**2 - 10*o - 3. Give k(q).
9
Let a(v) = -v**3 + 4*v**2 + 5*v - 7. Suppose p = -p - 8. Suppose 23*f - 7*f = 144. Let w = f + p. What is a(w)?
-7
Suppose 3*a - 4*t - 3 = 0, -59*t + 30 = -5*a - 64*t. Let c(o) = 34*o - 2. What is c(a)?
-104
Let o(g) = -3*g + 5. Let l = -238 + 238. Let y(t) = t + 16. Let p be y(-13). Suppose p*i + i - 16